Let b be 73 + (4/4 - 4). Calculate the greatest common factor of 10 and b.
10
Suppose -5*i = -5*j - 0*i + 30, 0 = -4*i. Calculate the greatest common divisor of j and 18.
6
Let k = 54 - -50. What is the greatest common divisor of k and 13?
13
Let u be ((-9)/3 + 1)*1. Let q be u + (-19)/(-1) - -2. What is the greatest common factor of 76 and q?
19
Let i(t) = t**2 - 7*t - 37. Let m be i(11). Calculate the highest common divisor of m and 7.
7
Let x be 2580/(-25)*(-30)/9. What is the highest common divisor of x and 43?
43
Let f be -6*(-4)/12 + 16 + 0. Let u be (5 - (-2 + 2)) + -2. Suppose -2*v + u = -1. What is the highest common divisor of f and v?
2
Suppose 0 = -5*q - 10, k = 3*q + 24 + 12. Let r(l) = -2*l + 4. Let w be r(-3). Calculate the highest common factor of w and k.
10
Suppose -5*i + 0*i + 45 = 0. Suppose m = 4, 5*u - 3*m - 14 = 4. Calculate the highest common factor of u and i.
3
Let p(t) = -t - 11. Let l(i) = -3*i - 34. Let m(y) = 3*l(y) - 8*p(y). Let j be m(0). Let s = j + 26. Calculate the highest common divisor of 8 and s.
4
Let s = 451 + -47. Let i = -219 + s. Suppose 3*o = 4*n + i, 4*o - n - 314 = -o. Calculate the highest common factor of o and 9.
9
Suppose -2*g - 4*q = -44, -2*g - q = -5*g + 38. Let k be 2 + (-1)/(-1) + g. Suppose -s = -2*s + 136. What is the highest common divisor of s and k?
17
Let l = -6 + 18. What is the highest common divisor of 30 and l?
6
Let b(c) = -c**3 + 11*c**2 - 14*c + 6. Let d be b(9). Let z = 2 + d. Suppose a + 2*a - 12 = 0. What is the highest common factor of z and a?
4
Let s(t) = -t**2 + 6*t - 1. Suppose -5*q - 8 = -28. Let x be s(q). Suppose x = -2*l + 59. Calculate the highest common factor of l and 39.
13
Suppose -2*v + 3 = -17. What is the greatest common divisor of v and 10?
10
Let c(p) = -p**3 + 7*p**2 + 10*p - 11. Let l be c(8). What is the greatest common factor of l and 1?
1
Suppose -i - 3*p = -21, 2*p - 5 + 15 = 2*i. What is the greatest common divisor of 54 and i?
9
Let v be 20/(-6) + (-2)/3. Let p be 2/(-4)*(0 + v). Let h be (-1 + p)*-2 - -35. What is the highest common factor of h and 3?
3
Suppose 2*y + 2*p - 8 = -44, 4*y - 3*p = -44. Suppose -8 = -5*g - 58. Let h = g - y. Calculate the highest common factor of h and 2.
2
Let a = 243 + -134. Let c be (a/3)/(1/18). Suppose -5*o - 234 = -c. What is the greatest common factor of o and 14?
14
Let q = 1 - -2. Suppose 3*y - q = -4*r + 54, -5*r - 4*y + 70 = 0. What is the highest common factor of 9 and r?
9
Let m(p) = p**2 + 7*p - 13. Let t be m(-9). Suppose 2*i = t*w - 66, 4*i - 24 = -0*w - 3*w. What is the highest common divisor of 12 and w?
12
Let m = 14 + -8. Suppose 2*p + t - 55 = 0, 3*p - 3*t - 69 - 36 = 0. What is the highest common divisor of m and p?
6
Let w(i) = -3*i + 4*i**2 - 2*i**2 - 2*i - i. Let m be w(4). What is the highest common divisor of 40 and m?
8
Let m = 114 - 113. Calculate the greatest common factor of m and 3.
1
Suppose 3*k + 3960 = k. Let h be 2/1*k/(-8). Suppose l - h = -2*l. What is the highest common factor of 15 and l?
15
Let b = 64 + -1. Let p(y) = -6*y - 7. Let n be p(-6). Suppose 30 = 3*k - 3*w, 0 = -5*k - w - w + n. Calculate the greatest common divisor of b and k.
7
Let w(m) = -m + 3. Let s be w(-13). Calculate the highest common factor of s and 112.
16
Let s(p) = 2*p**2 + 3*p + 1. Let f be s(-6). Let l be ((-6)/(-4))/((-6)/(-40)). Suppose l = -t + 3*t. What is the greatest common divisor of t and f?
5
Suppose 15 = 4*a - 185. Suppose -u + a = u. Calculate the greatest common factor of u and 5.
5
Let l(s) = -2*s + s**2 - 2*s - 10 - s. Suppose 0 = -3*q + 25 - 1. Let r be l(q). What is the greatest common factor of 14 and r?
14
Let c = -12 - -17. Suppose 4*y = 20, -c*f - 3*y + 49 + 41 = 0. What is the highest common divisor of f and 5?
5
Suppose -4*i + 1 + 23 = 0. Let g(o) = -2*o**3 + 7*o**2 + 5*o. Let j be g(4). What is the highest common factor of j and i?
2
Suppose 2*c - 4*l - 12 = 0, -3*c + 2*l = -c - 16. Calculate the greatest common factor of 90 and c.
10
Let l = -7 - -4. Let y be ((-3)/(-9))/(l/(-27)). What is the greatest common divisor of 15 and y?
3
Let p be 1/1 + 1 - -16. What is the greatest common factor of 3 and p?
3
Let n be 3*6/7*7. Let a(y) = y + 4. Let u be a(-4). Suppose -18 = -2*j - u. What is the highest common divisor of j and n?
9
Suppose s - 48 - 49 = -5*d, 3*s = 2*d - 49. Calculate the greatest common factor of d and 110.
10
Suppose 3*q = -4*k + 204, -3*k + 156 = -2*q + 5*q. What is the highest common factor of k and 8?
8
Let b be (-4)/(-10) - 39/(-15). Suppose 30 = 3*y + 2*a + 2*a, -2*y + 9 = -a. Suppose y = f - 0*f. What is the highest common divisor of b and f?
3
Let i be -3 - (4 - (1 - -30)*1). Calculate the highest common factor of 3 and i.
3
Suppose 40 = 4*v - 3*v + 2*y, v = -3*y + 44. Suppose 5*r + 67 = 2*i, 2*i = i + 4*r + v. Let t = i - 6. Calculate the greatest common factor of t and 75.
15
Suppose -4 - 4 = 4*v. Let b be 1*2 - (v + 4). Suppose -2*t + t - 2*y = -33, b = -5*t + y + 176. What is the highest common factor of t and 5?
5
Suppose -i = 3*i + 16. Let g = -5 - i. Let p(s) = -12*s - 1. Let j be p(g). What is the highest common divisor of 55 and j?
11
Let l(v) = 19*v + 1. Let q be l(1). Suppose -2*x - 111 = 45. Let w = 118 + x. What is the greatest common divisor of q and w?
20
Let o(w) = w**3 + w**2 + w + 13. Let f be o(0). Suppose -473 = -4*v - f. What is the highest common factor of v and 23?
23
Let g = 14 + -10. Let a be ((-4)/5)/(g/(-440)). Calculate the greatest common factor of 11 and a.
11
Suppose 5*a + 2 + 21 = -4*r, 5*a - 25 = 0. Let x = -8 - r. Let h = 13 - x. What is the highest common factor of 9 and h?
9
Let b = 0 - -3. Let j be (6/(-15))/(b/(-300)). Calculate the greatest common divisor of j and 10.
10
Let k be ((-18)/15)/((-2)/5). Let s = k + 0. Calculate the greatest common factor of 6 and s.
3
Let a(i) = 5*i - 15. Let b be a(11). Suppose -3*v - b = -8*v. Let f be (v/(-12))/(4/(-18)). Calculate the highest common factor of f and 24.
3
Let t = -16 - -21. Suppose -4*a + 16 = 0, 33 - 100 = -5*n + 2*a. What is the greatest common factor of n and t?
5
Suppose -4*o + 4*y = 0, 5*y = 3*o - 0*o + 2. Suppose -27 = -5*j + 13. Suppose j*c - 9 = 5*c. What is the highest common factor of c and o?
1
Suppose -v - 6 = 2*v, 0 = -4*i - v + 70. Calculate the greatest common divisor of i and 9.
9
Let w be (-14)/(-6) - 18/(-27). Let r be 2 + 12/w*1. What is the greatest common factor of 6 and r?
6
Let n(r) = 3 - r + r**2 - 4*r + 2. Let q be n(4). Let h = -2 - -10. What is the highest common factor of h and q?
1
Suppose 66 = s + s. Let c = s + -17. Let h = c + -5. What is the highest common divisor of h and 55?
11
Suppose -146 = -4*g - o - 40, o = -2. What is the highest common divisor of g and 27?
27
Let j be (-4)/(-16) - (-252)/16. Suppose -n + j = -24. Let s be -90*(-3)/((-9)/(-2)). What is the greatest common factor of s and n?
20
Let t = -13 - -11. Let a be 2*t/((-4)/7). What is the highest common divisor of 7 and a?
7
Let m = 144 + -117. What is the greatest common factor of m and 63?
9
Suppose -o - 4*r + 13 = 0, 4*o + 4*r = -r + 19. Let a = 6 + -4. What is the highest common divisor of a and o?
1
Suppose -4*k - 5*b - 33 = -8*k, -3*k + 3*b = -27. Suppose n = f - 5, -3*n + 1 + 2 = 0. Let z be 2*(-4)/(-4) + f. What is the highest common divisor of z and k?
4
Suppose 9*j = 11 + 61. Calculate the greatest common factor of 128 and j.
8
Let x(s) = -4*s + 4. Let v be x(-3). Let q = 5 + -1. Suppose 0*o = 5*o - 5, -5*k + q*o = -76. What is the greatest common factor of v and k?
16
Suppose -3*r + 1251 = -54. Suppose -7*q = -2*q - r. Calculate the highest common factor of q and 58.
29
Let d be (-16 - (-1 + 2))*-1. Suppose -3*g - y = -2*g + 1, -5*g + 16 = -2*y. Suppose 0 = g*s - 18 - 16. What is the highest common factor of d and s?
17
Suppose 90*k = 89*k + 9. Calculate the highest common divisor of k and 24.
3
Let l = 14 - -1. Let g be (-5 + 0)*(14 - 17). Calculate the greatest common divisor of l and g.
15
Let p be (1 - 16)*2/(-3). Let k be 4/18 - 538/(-9). What is the greatest common factor of k and p?
10
Suppose -9 = -0*n - 3*n. Suppose -4*j - m + 304 = -2*m, -n*m = 5*j - 380. Calculate the highest common divisor of j and 19.
19
Let j(h) = -h**2 + 49. Let z be j(0). Let 